{"id":255,"date":"2025-08-15T11:28:57","date_gmt":"2025-08-15T09:28:57","guid":{"rendered":"https:\/\/antigewalt-ausbildung.de\/?page_id=255"},"modified":"2025-08-20T13:00:52","modified_gmt":"2025-08-20T11:00:52","slug":"antigewalt-training-fuer-jugendliche-nach-para10jgg","status":"publish","type":"page","link":"https:\/\/antigewalt-ausbildung.de\/index.php\/antigewalt-training-fuer-jugendliche-nach-para10jgg\/","title":{"rendered":"Antigewalt Training f\u00fcr Jugendliche nach \u00a710JGG"},"content":{"rendered":"\n<div class=\"wp-block-columns is-layout-flex wp-container-core-columns-is-layout-28f84493 wp-block-columns-is-layout-flex\">\n<div class=\"wp-block-column is-layout-flow wp-block-column-is-layout-flow\" style=\"flex-basis:66.66%\">\n<p class=\"has-accent-color has-text-color has-link-color has-roboto-font-family wp-elements-f7187a074dd9414e2920cb4287027607\" style=\"font-size:clamp(14px, 0.875rem + ((1vw - 3.2px) * 0.417), 18px);font-style:normal;font-weight:400\">Training f\u00fcr Jungendliche\/Heranwachsende mit richterlicher<br>Weisung nach \u00a710 JGG und Inhaftierte<br>Titel: \u201cAnti-Gewalt-\/Aggressionstraining\u201d<\/p>\n\n\n\n<p class=\"has-accent-color has-text-color has-link-color has-roboto-font-family wp-elements-1784f982a05aeb8cd8b9cca03a2566e1\" style=\"font-size:clamp(14px, 0.875rem + ((1vw - 3.2px) * 0.417), 18px);font-style:normal;font-weight:400\">Inhalt und Ziele des Trainings:<\/p>\n\n\n\n<ul style=\"font-size:clamp(14px, 0.875rem + ((1vw - 3.2px) * 0.417), 18px);\" class=\"wp-block-list has-accent-color has-text-color has-link-color wp-elements-d448b6ba702a24f6dfc57b618cdbd017\">\n<li class=\"has-roboto-font-family\" style=\"font-size:clamp(14px, 0.875rem + ((1vw - 3.2px) * 0.417), 18px);font-style:normal;font-weight:400\">Kennenlernen und Regeln aufstellen<\/li>\n\n\n\n<li class=\"has-roboto-font-family\" style=\"font-size:clamp(14px, 0.875rem + ((1vw - 3.2px) * 0.417), 18px);font-style:normal;font-weight:400\">Vertrauens- und Kooperations\u00fcbungen<\/li>\n\n\n\n<li class=\"has-roboto-font-family\" style=\"font-size:clamp(14px, 0.875rem + ((1vw - 3.2px) * 0.417), 18px);font-style:normal;font-weight:400\">Ausl\u00f6ser und Ursachen der Gewalt bei sich und bei anderen<\/li>\n\n\n\n<li class=\"has-roboto-font-family\" style=\"font-size:clamp(14px, 0.875rem + ((1vw - 3.2px) * 0.417), 18px);font-style:normal;font-weight:400\">erkennen: Biografiearbeit<\/li>\n\n\n\n<li class=\"has-roboto-font-family\" style=\"font-size:clamp(14px, 0.875rem + ((1vw - 3.2px) * 0.417), 18px);font-style:normal;font-weight:400\">Vor- und Nachteile von Gewalt und Aggressionen er\u00f6rtern: Tatrekonstruktion und Rollenspiele<\/li>\n\n\n\n<li class=\"has-roboto-font-family\" style=\"font-size:clamp(14px, 0.875rem + ((1vw - 3.2px) * 0.417), 18px);font-style:normal;font-weight:400\">K\u00f6rpersprachetraining mit Haltungs- und Gangbeschreibung<\/li>\n\n\n\n<li class=\"has-roboto-font-family\" style=\"font-size:clamp(14px, 0.875rem + ((1vw - 3.2px) * 0.417), 18px);font-style:normal;font-weight:400\">sowie Fotodokumentation: Selbstbild, Ideal- und Fremdbild<\/li>\n\n\n\n<li class=\"has-roboto-font-family\" style=\"font-size:clamp(14px, 0.875rem + ((1vw - 3.2px) * 0.417), 18px);font-style:normal;font-weight:400\">St\u00e4rken, Schw\u00e4chen und Ziele der Teilnehmer erfahren, Selbstwertgef\u00fchl<\/li>\n\n\n\n<li class=\"has-roboto-font-family\" style=\"font-size:clamp(14px, 0.875rem + ((1vw - 3.2px) * 0.417), 18px);font-style:normal;font-weight:400\">Neutralisierungstechniken bei sich erkennen und zugeben: Denkschw\u00e4che\/Gedankenfallen<\/li>\n\n\n\n<li class=\"has-roboto-font-family\" style=\"font-size:clamp(14px, 0.875rem + ((1vw - 3.2px) * 0.417), 18px);font-style:normal;font-weight:400\">Opferperspektive einnehmen und verstehen: Empathie<\/li>\n\n\n\n<li class=\"has-roboto-font-family\" style=\"font-size:clamp(14px, 0.875rem + ((1vw - 3.2px) * 0.417), 18px);font-style:normal;font-weight:400\">Verbale und nonverbale Deeskalationstechniken trainieren: angemessenes Verhalten in Konflikt- und Gewaltsituationen<\/li>\n\n\n\n<li class=\"has-roboto-font-family\" style=\"font-size:clamp(14px, 0.875rem + ((1vw - 3.2px) * 0.417), 18px);font-style:normal;font-weight:400\">Provokationstests ohne Aggressionen meistern und Ausblick: Zukunftsperspektiven<\/li>\n\n\n\n<li class=\"has-roboto-font-family\" style=\"font-size:clamp(14px, 0.875rem + ((1vw - 3.2px) * 0.417), 18px);font-style:normal;font-weight:400\">Erkennen eigener Denk- und Handlungsweisen<\/li>\n\n\n\n<li class=\"has-roboto-font-family\" style=\"font-size:clamp(14px, 0.875rem + ((1vw - 3.2px) * 0.417), 18px);font-style:normal;font-weight:400\">Erlernen neuer Denk-, Haltungs- und Handlungsm\u00f6glichkeiten<\/li>\n\n\n\n<li class=\"has-roboto-font-family\" style=\"font-size:clamp(14px, 0.875rem + ((1vw - 3.2px) * 0.417), 18px);font-style:normal;font-weight:400\">Sprachliche wie k\u00f6rpersprachliche Techniken zur Vorbeugung<\/li>\n\n\n\n<li class=\"has-roboto-font-family\" style=\"font-size:clamp(14px, 0.875rem + ((1vw - 3.2px) * 0.417), 18px);font-style:normal;font-weight:400\">und Deeskalation von Konflikten und Gewalt<\/li>\n\n\n\n<li class=\"has-roboto-font-family\" style=\"font-size:clamp(14px, 0.875rem + ((1vw - 3.2px) * 0.417), 18px);font-style:normal;font-weight:400\">Gewaltfrei leben<\/li>\n<\/ul>\n\n\n\n<p class=\"has-accent-color has-text-color has-link-color has-roboto-font-family wp-elements-b53c746e521c1ac99fc013a01ca4d645\" style=\"font-size:clamp(14px, 0.875rem + ((1vw - 3.2px) * 0.417), 18px);font-style:normal;font-weight:400\">Teilnehmer: bis 8<br>Umfang: ab 40 Stunden<\/p>\n<\/div>\n\n\n\n<div class=\"wp-block-column is-layout-flow wp-block-column-is-layout-flow\" style=\"flex-basis:33.33%\">\n<p class=\"has-gilroy-font-family\">Haben Sie Fragen?<\/p>\n\n\n\n<div class=\"wp-block-group has-accent-5-background-color has-background has-global-padding is-layout-constrained wp-block-group-is-layout-constrained\"><div class=\"lightweight-accordion\"><details><summary class=\"lightweight-accordion-title\"><span>Kontakt<\/span><\/summary><div class=\"lightweight-accordion-body\">\n\n<p class=\"has-accent-color has-text-color has-link-color has-roboto-font-family wp-elements-f4201b683e6139fb103c1e5654dd5419\" style=\"font-size:clamp(14px, 0.875rem + ((1vw - 3.2px) * 0.417), 18px);font-style:normal;font-weight:400\">+49 172 404 7803<\/p>\n\n\n\n<p class=\"has-accent-color has-text-color has-link-color has-roboto-font-family wp-elements-75dc5e12c20e7addbae354efb4993ca1\" style=\"font-size:clamp(14px, 0.875rem + ((1vw - 3.2px) * 0.417), 18px);font-style:normal;font-weight:400\"><a href=\"mailto:info@holger-schlafhorst.de\">info@holger-schlafhorst.de<\/a><\/p>\n\n<\/div><\/details><\/div><\/div>\n<\/div>\n<\/div>\n\n\n<p><\/p>\n","protected":false},"excerpt":{"rendered":"<p>Training f\u00fcr Jungendliche\/Heranwachsende mit richterlicherWeisung nach \u00a710 JGG und InhaftierteTitel: \u201cAnti-Gewalt-\/Aggressionstraining\u201d Inhalt und Ziele des Trainings: Teilnehmer: bis 8Umfang: ab 40 Stunden Haben Sie Fragen?<\/p>\n","protected":false},"author":1,"featured_media":0,"parent":0,"menu_order":0,"comment_status":"closed","ping_status":"closed","template":"","meta":{"footnotes":""},"class_list":["post-255","page","type-page","status-publish","hentry"],"_links":{"self":[{"href":"https:\/\/antigewalt-ausbildung.de\/index.php\/wp-json\/wp\/v2\/pages\/255","targetHints":{"allow":["GET"]}}],"collection":[{"href":"https:\/\/antigewalt-ausbildung.de\/index.php\/wp-json\/wp\/v2\/pages"}],"about":[{"href":"https:\/\/antigewalt-ausbildung.de\/index.php\/wp-json\/wp\/v2\/types\/page"}],"author":[{"embeddable":true,"href":"https:\/\/antigewalt-ausbildung.de\/index.php\/wp-json\/wp\/v2\/users\/1"}],"replies":[{"embeddable":true,"href":"https:\/\/antigewalt-ausbildung.de\/index.php\/wp-json\/wp\/v2\/comments?post=255"}],"version-history":[{"count":18,"href":"https:\/\/antigewalt-ausbildung.de\/index.php\/wp-json\/wp\/v2\/pages\/255\/revisions"}],"predecessor-version":[{"id":505,"href":"https:\/\/antigewalt-ausbildung.de\/index.php\/wp-json\/wp\/v2\/pages\/255\/revisions\/505"}],"wp:attachment":[{"href":"https:\/\/antigewalt-ausbildung.de\/index.php\/wp-json\/wp\/v2\/media?parent=255"}],"curies":[{"name":"wp","href":"https:\/\/api.w.org\/{rel}","templated":true}]}}